 units digit of n?
8
Let u(k) = k**3 - 2*k**2 + 5*k - 16. Let s be u(4). Suppose -178 = 35*y - s*y. What is the units digit of y?
8
Let n = 226 - 215. What is the thousands digit of (18708/6)/(n - 9)?
1
Let x(j) = 5015*j**2 - 25*j + 1. What is the hundreds digit of x(-1)?
0
Let l = 9820 + 10805. What is the ten thousands digit of l?
2
Suppose 2*y + 3*y = s - 75, 2*y = 2*s - 182. Suppose -3*n + 2*g + s = 0, 0 = n - 2*g - 2*g - 35. Suppose 5*z - n = 179. What is the units digit of z?
2
Let f be (-1)/(4 - 14/4). Let x be (-4)/10*(f - -18 - 1). What is the units digit of (-386)/(-4) + (-3)/x?
7
Let o(p) = -328*p + 1331. What is the units digit of o(-5)?
1
Suppose 4*y = 2*t + 114384, -3*y + 4*t + 10255 = -75548. What is the tens digit of y?
9
Suppose 4*x = -3*f + 54973, -11*x + 7*x + 2*f = -54998. What is the thousands digit of x?
3
Suppose 4*u + 4 = 4*r, 2*u - 3*r = u - 7. Suppose 0 = -u*n - 8*n. Suppose n = 2*m - s - 324, 2*m = -0*m + 3*s + 328. What is the hundreds digit of m?
1
Suppose 24*u - 358655 - 61633 = 0. What is the thousands digit of u?
7
Let q(i) = 43*i + 262. Let h be q(-6). Suppose 0 = -7*s + 4*s + 117. What is the units digit of 1593/s + h - (-2)/13?
5
Let x(w) = 3*w**2 + 2*w - 11. Let p(o) be the third derivative of 3*o**5/20 - 2*o**2. Let a be p(-1). What is the units digit of x(a)?
0
Let a(h) = 38*h**2 + 5*h + 3. Let s be 3/(1/(1 + -2)). Let y be a(s). Let q = y - 231. What is the units digit of q?
9
Let d = -78469 + 150031. What is the units digit of d?
2
Let o(c) = 759*c - 238. Let k be o(4). Suppose 13*h - 9*h = 4*i + 5572, -k = -2*h - 4*i. What is the thousands digit of h?
1
What is the hundreds digit of 122313/(-27)*(-13)/((-91)/(-63))?
7
Let y(u) = 359*u**2 - 86*u - 75. What is the thousands digit of y(-5)?
9
Let f(k) = -3*k**3 + 15*k**2 + 12*k - 171. Let m(g) = 4*g**3 + g**2 + 1. Let w(h) = -f(h) - m(h). What is the units digit of w(-17)?
3
Let q be (-2)/(136/44 - 3). Let i be (-12)/18*(-2 + q). What is the tens digit of i/(-3)*297/(-36)?
4
Suppose 2*z - 3*z = 2*h - 40026, -3*h + 5*z = -60052. What is the units digit of h?
4
Suppose -462 + 181 = 3*s - 2*d, 3*s + 4*d = -275. What is the tens digit of ((-22196)/s)/((-4)/(-6))?
5
Let q = 6383 - 3579. What is the units digit of q?
4
Suppose -2*q - 26 = -3*u - u, -3*u + 21 = -2*q. Let x be u + 1 + 0 + -1. Suppose -126 = -x*y - 3*i, 0 = -y + i + i + 33. What is the units digit of y?
7
Suppose 61*q + 1077921 - 2360011 = 2818269. What is the tens digit of q?
1
Let c(w) = -w**3 + 4*w**2 + 14*w - 9. Suppose 2*s = 30 - 18. Let h be c(s). Suppose 0*v - h*v + 90 = 0. What is the units digit of v?
0
Suppose 68*v = 141*v - 330252. What is the hundreds digit of v?
5
Let g = -35 - -37. Suppose 9*s + 1367 = 4*k + 14*s, g*k - 3*s = 689. What is the hundreds digit of k?
3
Let s be 1*-62*1*-1. Let p = -16125 - -16128. What is the units digit of (p - s)*(25/(-5) - -2)?
7
Suppose 41*y = -g + 38*y - 12, 4 = -2*g + 4*y. What is the tens digit of 2 + 794 + g/1?
9
Let h(p) be the second derivative of p**4/12 + p**3 - 9*p**2 - 14*p. Let m be h(-9). What is the hundreds digit of m/45 + (1 - 1138/(-10))?
1
Let n(c) = -30*c - 41. Let o be n(-2). Suppose -8702 + 3211 = -o*m. What is the tens digit of m?
8
Let n = 6306 + 458. Suppose 14*k + 5*k = n. What is the tens digit of k?
5
Suppose 0 = 114*m - 649714 - 1266968. What is the ten thousands digit of m?
1
Let i = -306 + 207. Let t = 18 - i. Suppose -10*v = -v - t. What is the units digit of v?
3
Let z(m) = -5*m + 94. Let o be z(17). Suppose -o*k = 2*k - 6996. What is the tens digit of k?
3
Suppose -284*u + 195*u = -3383335. What is the thousands digit of u?
8
Let s(b) = b**2 - b - 1. Let y(w) = -17*w**2 + 3*w + 4. Let o(d) = 2*s(d) - y(d). Let k be o(-5). What is the tens digit of k/6 - (4 - 55/15)?
8
What is the hundreds digit of 14/(-2) + 19 - -840?
8
What is the units digit of 11/1*(-78)/(-429) - -2095?
7
What is the units digit of (-698)/8725 + (-109302)/(-25)?
2
Let v be -1*(6/14 + (-84)/(-147)). What is the tens digit of (-2)/(((-51144)/12774)/4 - v)?
2
Let z = -44190 + 70257. What is the units digit of z?
7
Let t(a) = 128*a**2 - 5*a - 9. Let b be t(4). Let w = -839 + b. What is the thousands digit of w?
1
Let p be (20/(-2 - -1))/(1/(-26)). Let a be (p/(-6))/(30/(-45)). Suppose 3*i = a + 35. What is the units digit of i?
5
What is the hundreds digit of (4 - 1239)/((-13)/3 + 4)?
7
Let r = 5248 - 1139. What is the hundreds digit of r?
1
Let q be 963/1 + 4/(-4 - -5). Let w = -92 + q. Suppose 0 = -2*n + 7*n - w. What is the tens digit of n?
7
Let n = 60 + 6. Let i = 68 - n. Suppose -4*q + 424 = 2*g, 0 = -i*q - 4*g + 9*g + 224. What is the units digit of q?
7
Suppose 0 = d + o - 2 + 3, 4*d + 2*o = -14. Let t(z) = -z**2 - 3*z + 8. Let x be t(d). What is the tens digit of (74/x + -1)*(-12 - -7)?
4
Suppose -158*c + 2*c + 1732181 = c. What is the units digit of c?
3
Let s(a) = 145*a - 3 - 157*a + 19*a**2 - 2 + 3. Let y be s(3). Let w = y + -95. What is the tens digit of w?
3
Suppose -5*y = -69 - 6. Suppose -3*t + 783 = -2*h, y = -0*h - 5*h. What is the units digit of t?
9
Suppose -59*i - 43530 = -2*x - 63*i, -3*x - i + 65295 = 0. What is the hundreds digit of x?
7
Suppose -k - 26961 - 33573 = 0. What is the tens digit of k/(-39) - ((-24)/52)/(-3)?
5
Let j = -30 - -31. Let n be 4 - (-16 + 0)/j. Suppose 2*m - n = -3*z, 2*z + 0*m - 25 = m. What is the tens digit of z?
1
Let c(y) = 24*y**2 - 446*y + 6566. What is the tens digit of c(15)?
7
Suppose 5*o - 3*c - 6 = 0, -o + 0*c + 4 = -2*c. Suppose 3*z + o*f = 2*f + 1208, z + 3*f = 421. What is the units digit of z?
6
Suppose 127*f - 116*f - 11 = 0. What is the units digit of f?
1
Let y = -129 + 127. What is the tens digit of (-15)/(3/10*y/9)?
2
Suppose 43 = 6*r - 137. Let f(m) = -m**3 + 32*m**2 - 51*m - 48. What is the tens digit of f(r)?
2
Let u(k) = 139*k - 2415. What is the thousands digit of u(58)?
5
Suppose -u - 3*q + 1906 = 0, -113*q + 110*q = 3*u - 5694. What is the tens digit of u?
9
Suppose 209*g - 2237575 = 134*g + 1157675. What is the tens digit of g?
7
Let i = 234 - 122. Let k = i + 1087. Suppose k + 265 = 12*y. What is the units digit of y?
2
Suppose 98 = 11*m - 67. Suppose m = 5*z + 5*p, -p + 19 = 3*z - 0*p. What is the units digit of z?
8
Let g = -50 - -46. Let q(f) = 23*f**2 + 9*f + 24. What is the hundreds digit of q(g)?
3
Let j(c) = 3*c - 29. Let v be j(13). Let n = v + -7. Suppose 0 = 3*b + n*m - 129, 3*m = 4*b + 2*m - 192. What is the tens digit of b?
4
Let j(m) = 31*m**2 + 92*m - 2002. What is the tens digit of j(22)?
2
Let x = 788 + 501. Suppose -446 = -5*l + x. What is the tens digit of l?
4
Suppose -71*p + 5*y = -67*p, p - 5*y + 15 = 0. Let h(f) be the first derivative of 3*f**2 - 4*f + 1. What is the tens digit of h(p)?
2
Let f(s) = -5*s**2 + 20*s - 7. Let l be f(3). Suppose l*m - 9633 = -5*m. What is the units digit of m?
1
Let d = 352 + -351. What is the units digit of (168/(-36))/(d/(-174))?
2
Suppose -10*q - u = -5*q - 77952, u - 46772 = -3*q. What is the thousands digit of q?
5
Let i = 47707 - 23793. What is the thousands digit of i?
3
Suppose 3*y = -6, 807 = -4*w - 5*y + 3113. Suppose -4*i = 12, 2*i = -4*b + 799 + w. What is the tens digit of b?
4
Let y(m) = -23*m**3 + m**2 + 16*m + 18. What is the units digit of y(-5)?
8
Suppose -5*x = 3*f - 39, -4*x + 3*x + 17 = -4*f. What is the hundreds digit of ((-84)/8 + x)/(1/(-502))?
7
Let k(d) = 7901*d**2 + 52*d - 52. What is the units digit of k(1)?
1
Let v(z) be the third derivative of 0*z**4 + 5*z**2 + 0*z + 0 + 0*z**3 + 1/60*z**5. What is the units digit of v(-2)?
4
Suppose 5*b = -0*l - 5*l - 15, 5*l - 4*b = -33. Let d(h) be the first derivative of h**3 - 23*h**2/2 - 2*h - 127. What is the hundreds digit of d(l)?
1
Suppose -4*j - 21 = -13, -4*j = 5*o - 76402. What is the thousands digit of o?
5
Suppose 69 = -16*m + 309. Suppose 0 = m*w - 2871 - 1404. What is the units digit of w?
5
Let r = 29455 + -27138. What is the units digit of r?
7
Suppose d - 5*t - 18 - 6 = 0, 3*d + t - 24 = 0. Let w be ((-3)/(-2))/(d/24) - 1. Suppose 0 = r - 4*u - 7, -w*u + 5*u - 35 = -3*r. What is the tens digit of r?
1
Let p(t) = t**3 - 6*t**2 + 34*t - 22. Let u(w) = -52*w - 95. Let g be u(-2). What is the units digit of p(g)?
7
Let t = 3536 - 998. What is